{"id":64,"date":"2025-07-13T11:34:38","date_gmt":"2025-07-13T16:34:38","guid":{"rendered":"https:\/\/capta.com.co\/rodaris\/?post_type=product&#038;p=64"},"modified":"2025-07-15T19:14:20","modified_gmt":"2025-07-16T00:14:20","slug":"subaru-legacy-1996","status":"publish","type":"product","link":"https:\/\/capta.com.co\/rodaris\/producto\/subaru-legacy-1996\/","title":{"rendered":"Subaru Legacy 1996"},"content":{"rendered":"<ul>\n<li>Kilometraje: 220.8000<\/li>\n<li>Motor: 2.2 litros, gasolina<\/li>\n<li>Transmisi\u00f3n: Automatica<\/li>\n<li>SOAT vigente hasta: [Indicar fecha si aplica]<\/li>\n<li>Revisi\u00f3n t\u00e9cnico-mec\u00e1nica v\u00e1lida hasta: [Indicar fecha si aplica]<\/li>\n<li>Placa: Terminada en 8<\/li>\n<\/ul>\n<p><strong>Caracter\u00edsticas adicionales:<\/strong><\/p>\n<ul>\n<li>Tracci\u00f3n AWD (All Wheel Drive \u2013 tracci\u00f3n en las 4 ruedas)<\/li>\n<li>Aire acondicionado<\/li>\n<li>Direcci\u00f3n asistida<\/li>\n<li>Tapicer\u00eda en tela<\/li>\n<li>Tapetes incluidos<\/li>\n<li>Kit de carretera completo<\/li>\n<li>Espacio amplio en cabina y ba\u00fal<\/li>\n<li>Motor Boxer Subaru (mayor estabilidad y balance)<\/li>\n<\/ul>\n","protected":false},"excerpt":{"rendered":"<p>Kilometraje: 220.8000 Motor: 2.2 litros, gasolina Transmisi\u00f3n: Automatica SOAT vigente hasta: [Indicar fecha si aplica] Revisi\u00f3n t\u00e9cnico-mec\u00e1nica v\u00e1lida hasta: [Indicar fecha si aplica] Placa: Terminada en 8 Caracter\u00edsticas adicionales: Tracci\u00f3n AWD (All Wheel Drive \u2013 tracci\u00f3n en las 4 ruedas) Aire acondicionado Direcci\u00f3n asistida Tapicer\u00eda en tela Tapetes incluidos Kit de carretera completo Espacio amplio [&hellip;]<\/p>\n","protected":false},"featured_media":121,"comment_status":"open","ping_status":"closed","template":"","meta":{"_acf_changed":false,"inline_featured_image":false},"product_brand":[],"product_cat":[16],"product_tag":[24,21,22,27,29,28,20],"class_list":{"0":"post-64","1":"product","2":"type-product","3":"status-publish","4":"has-post-thumbnail","6":"product_cat-automoviles","7":"product_tag-carros-bogota","8":"product_tag-carros-usados","9":"product_tag-compra-y-venta-de-carros","10":"product_tag-subaru","11":"product_tag-subaru-legacy","12":"product_tag-usados-bogota","13":"product_tag-venta-de-carros","15":"first","16":"instock","17":"shipping-taxable","18":"product-type-external"},"acf":[],"yoast_head":"<!-- This site is optimized with the Yoast SEO plugin v27.5 - https:\/\/yoast.com\/product\/yoast-seo-wordpress\/ -->\n<title>Subaru Legacy 1996 - Rodaris Capital<\/title>\n<meta name=\"robots\" content=\"index, follow, max-snippet:-1, max-image-preview:large, max-video-preview:-1\" \/>\n<link rel=\"canonical\" href=\"https:\/\/capta.com.co\/rodaris\/producto\/subaru-legacy-1996\/\" \/>\n<meta property=\"og:locale\" content=\"es_ES\" \/>\n<meta property=\"og:type\" content=\"article\" \/>\n<meta property=\"og:title\" content=\"Subaru Legacy 1996 - Rodaris Capital\" \/>\n<meta property=\"og:description\" content=\"Kilometraje: 220.8000 Motor: 2.2 litros, gasolina Transmisi\u00f3n: Automatica SOAT vigente hasta: [Indicar fecha si aplica] Revisi\u00f3n t\u00e9cnico-mec\u00e1nica v\u00e1lida hasta: [Indicar fecha si aplica] Placa: Terminada en 8 Caracter\u00edsticas adicionales: Tracci\u00f3n AWD (All Wheel Drive \u2013 tracci\u00f3n en las 4 ruedas) Aire acondicionado Direcci\u00f3n asistida Tapicer\u00eda en tela Tapetes incluidos Kit de carretera completo Espacio amplio [&hellip;]\" \/>\n<meta property=\"og:url\" content=\"https:\/\/capta.com.co\/rodaris\/producto\/subaru-legacy-1996\/\" \/>\n<meta property=\"og:site_name\" content=\"Rodaris Capital\" \/>\n<meta property=\"article:modified_time\" content=\"2025-07-16T00:14:20+00:00\" \/>\n<meta property=\"og:image\" content=\"https:\/\/capta.com.co\/rodaris\/wp-content\/uploads\/sites\/70\/2025\/07\/Post-Instagram-Renta-de-Auto-Rojo-8.png\" \/>\n\t<meta property=\"og:image:width\" content=\"1080\" \/>\n\t<meta property=\"og:image:height\" content=\"1080\" \/>\n\t<meta property=\"og:image:type\" content=\"image\/png\" \/>\n<meta name=\"twitter:card\" content=\"summary_large_image\" \/>\n<script type=\"application\/ld+json\" class=\"yoast-schema-graph\">{\"@context\":\"https:\\\/\\\/schema.org\",\"@graph\":[{\"@type\":\"WebPage\",\"@id\":\"https:\\\/\\\/capta.com.co\\\/rodaris\\\/producto\\\/subaru-legacy-1996\\\/\",\"url\":\"https:\\\/\\\/capta.com.co\\\/rodaris\\\/producto\\\/subaru-legacy-1996\\\/\",\"name\":\"Subaru Legacy 1996 - Rodaris Capital\",\"isPartOf\":{\"@id\":\"https:\\\/\\\/capta.com.co\\\/rodaris\\\/#website\"},\"primaryImageOfPage\":{\"@id\":\"https:\\\/\\\/capta.com.co\\\/rodaris\\\/producto\\\/subaru-legacy-1996\\\/#primaryimage\"},\"image\":{\"@id\":\"https:\\\/\\\/capta.com.co\\\/rodaris\\\/producto\\\/subaru-legacy-1996\\\/#primaryimage\"},\"thumbnailUrl\":\"https:\\\/\\\/capta.com.co\\\/rodaris\\\/wp-content\\\/uploads\\\/sites\\\/70\\\/2025\\\/07\\\/Post-Instagram-Renta-de-Auto-Rojo-8.png\",\"datePublished\":\"2025-07-13T16:34:38+00:00\",\"dateModified\":\"2025-07-16T00:14:20+00:00\",\"breadcrumb\":{\"@id\":\"https:\\\/\\\/capta.com.co\\\/rodaris\\\/producto\\\/subaru-legacy-1996\\\/#breadcrumb\"},\"inLanguage\":\"es\",\"potentialAction\":[{\"@type\":\"ReadAction\",\"target\":[\"https:\\\/\\\/capta.com.co\\\/rodaris\\\/producto\\\/subaru-legacy-1996\\\/\"]}]},{\"@type\":\"ImageObject\",\"inLanguage\":\"es\",\"@id\":\"https:\\\/\\\/capta.com.co\\\/rodaris\\\/producto\\\/subaru-legacy-1996\\\/#primaryimage\",\"url\":\"https:\\\/\\\/capta.com.co\\\/rodaris\\\/wp-content\\\/uploads\\\/sites\\\/70\\\/2025\\\/07\\\/Post-Instagram-Renta-de-Auto-Rojo-8.png\",\"contentUrl\":\"https:\\\/\\\/capta.com.co\\\/rodaris\\\/wp-content\\\/uploads\\\/sites\\\/70\\\/2025\\\/07\\\/Post-Instagram-Renta-de-Auto-Rojo-8.png\",\"width\":1080,\"height\":1080},{\"@type\":\"BreadcrumbList\",\"@id\":\"https:\\\/\\\/capta.com.co\\\/rodaris\\\/producto\\\/subaru-legacy-1996\\\/#breadcrumb\",\"itemListElement\":[{\"@type\":\"ListItem\",\"position\":1,\"name\":\"Portada\",\"item\":\"https:\\\/\\\/capta.com.co\\\/rodaris\\\/\"},{\"@type\":\"ListItem\",\"position\":2,\"name\":\"Tienda\",\"item\":\"https:\\\/\\\/capta.com.co\\\/rodaris\\\/\"},{\"@type\":\"ListItem\",\"position\":3,\"name\":\"Subaru Legacy 1996\"}]},{\"@type\":\"WebSite\",\"@id\":\"https:\\\/\\\/capta.com.co\\\/rodaris\\\/#website\",\"url\":\"https:\\\/\\\/capta.com.co\\\/rodaris\\\/\",\"name\":\"Rodaris Capital\",\"description\":\"Capta - Compras que inspiran\",\"potentialAction\":[{\"@type\":\"SearchAction\",\"target\":{\"@type\":\"EntryPoint\",\"urlTemplate\":\"https:\\\/\\\/capta.com.co\\\/rodaris\\\/?s={search_term_string}\"},\"query-input\":{\"@type\":\"PropertyValueSpecification\",\"valueRequired\":true,\"valueName\":\"search_term_string\"}}],\"inLanguage\":\"es\"}]}<\/script>\n<!-- \/ Yoast SEO plugin. -->","yoast_head_json":{"title":"Subaru Legacy 1996 - Rodaris Capital","robots":{"index":"index","follow":"follow","max-snippet":"max-snippet:-1","max-image-preview":"max-image-preview:large","max-video-preview":"max-video-preview:-1"},"canonical":"https:\/\/capta.com.co\/rodaris\/producto\/subaru-legacy-1996\/","og_locale":"es_ES","og_type":"article","og_title":"Subaru Legacy 1996 - Rodaris Capital","og_description":"Kilometraje: 220.8000 Motor: 2.2 litros, gasolina Transmisi\u00f3n: Automatica SOAT vigente hasta: [Indicar fecha si aplica] Revisi\u00f3n t\u00e9cnico-mec\u00e1nica v\u00e1lida hasta: [Indicar fecha si aplica] Placa: Terminada en 8 Caracter\u00edsticas adicionales: Tracci\u00f3n AWD (All Wheel Drive \u2013 tracci\u00f3n en las 4 ruedas) Aire acondicionado Direcci\u00f3n asistida Tapicer\u00eda en tela Tapetes incluidos Kit de carretera completo Espacio amplio [&hellip;]","og_url":"https:\/\/capta.com.co\/rodaris\/producto\/subaru-legacy-1996\/","og_site_name":"Rodaris Capital","article_modified_time":"2025-07-16T00:14:20+00:00","og_image":[{"width":1080,"height":1080,"url":"https:\/\/capta.com.co\/rodaris\/wp-content\/uploads\/sites\/70\/2025\/07\/Post-Instagram-Renta-de-Auto-Rojo-8.png","type":"image\/png"}],"twitter_card":"summary_large_image","schema":{"@context":"https:\/\/schema.org","@graph":[{"@type":"WebPage","@id":"https:\/\/capta.com.co\/rodaris\/producto\/subaru-legacy-1996\/","url":"https:\/\/capta.com.co\/rodaris\/producto\/subaru-legacy-1996\/","name":"Subaru Legacy 1996 - Rodaris Capital","isPartOf":{"@id":"https:\/\/capta.com.co\/rodaris\/#website"},"primaryImageOfPage":{"@id":"https:\/\/capta.com.co\/rodaris\/producto\/subaru-legacy-1996\/#primaryimage"},"image":{"@id":"https:\/\/capta.com.co\/rodaris\/producto\/subaru-legacy-1996\/#primaryimage"},"thumbnailUrl":"https:\/\/capta.com.co\/rodaris\/wp-content\/uploads\/sites\/70\/2025\/07\/Post-Instagram-Renta-de-Auto-Rojo-8.png","datePublished":"2025-07-13T16:34:38+00:00","dateModified":"2025-07-16T00:14:20+00:00","breadcrumb":{"@id":"https:\/\/capta.com.co\/rodaris\/producto\/subaru-legacy-1996\/#breadcrumb"},"inLanguage":"es","potentialAction":[{"@type":"ReadAction","target":["https:\/\/capta.com.co\/rodaris\/producto\/subaru-legacy-1996\/"]}]},{"@type":"ImageObject","inLanguage":"es","@id":"https:\/\/capta.com.co\/rodaris\/producto\/subaru-legacy-1996\/#primaryimage","url":"https:\/\/capta.com.co\/rodaris\/wp-content\/uploads\/sites\/70\/2025\/07\/Post-Instagram-Renta-de-Auto-Rojo-8.png","contentUrl":"https:\/\/capta.com.co\/rodaris\/wp-content\/uploads\/sites\/70\/2025\/07\/Post-Instagram-Renta-de-Auto-Rojo-8.png","width":1080,"height":1080},{"@type":"BreadcrumbList","@id":"https:\/\/capta.com.co\/rodaris\/producto\/subaru-legacy-1996\/#breadcrumb","itemListElement":[{"@type":"ListItem","position":1,"name":"Portada","item":"https:\/\/capta.com.co\/rodaris\/"},{"@type":"ListItem","position":2,"name":"Tienda","item":"https:\/\/capta.com.co\/rodaris\/"},{"@type":"ListItem","position":3,"name":"Subaru Legacy 1996"}]},{"@type":"WebSite","@id":"https:\/\/capta.com.co\/rodaris\/#website","url":"https:\/\/capta.com.co\/rodaris\/","name":"Rodaris Capital","description":"Capta - Compras que inspiran","potentialAction":[{"@type":"SearchAction","target":{"@type":"EntryPoint","urlTemplate":"https:\/\/capta.com.co\/rodaris\/?s={search_term_string}"},"query-input":{"@type":"PropertyValueSpecification","valueRequired":true,"valueName":"search_term_string"}}],"inLanguage":"es"}]}},"_links":{"self":[{"href":"https:\/\/capta.com.co\/rodaris\/wp-json\/wp\/v2\/product\/64","targetHints":{"allow":["GET"]}}],"collection":[{"href":"https:\/\/capta.com.co\/rodaris\/wp-json\/wp\/v2\/product"}],"about":[{"href":"https:\/\/capta.com.co\/rodaris\/wp-json\/wp\/v2\/types\/product"}],"replies":[{"embeddable":true,"href":"https:\/\/capta.com.co\/rodaris\/wp-json\/wp\/v2\/comments?post=64"}],"wp:featuredmedia":[{"embeddable":true,"href":"https:\/\/capta.com.co\/rodaris\/wp-json\/wp\/v2\/media\/121"}],"wp:attachment":[{"href":"https:\/\/capta.com.co\/rodaris\/wp-json\/wp\/v2\/media?parent=64"}],"wp:term":[{"taxonomy":"product_brand","embeddable":true,"href":"https:\/\/capta.com.co\/rodaris\/wp-json\/wp\/v2\/product_brand?post=64"},{"taxonomy":"product_cat","embeddable":true,"href":"https:\/\/capta.com.co\/rodaris\/wp-json\/wp\/v2\/product_cat?post=64"},{"taxonomy":"product_tag","embeddable":true,"href":"https:\/\/capta.com.co\/rodaris\/wp-json\/wp\/v2\/product_tag?post=64"}],"curies":[{"name":"wp","href":"https:\/\/api.w.org\/{rel}","templated":true}]}}