{"id":38,"date":"2025-07-13T10:11:36","date_gmt":"2025-07-13T15:11:36","guid":{"rendered":"https:\/\/capta.com.co\/rodaris\/?post_type=product&#038;p=38"},"modified":"2026-01-21T10:36:27","modified_gmt":"2026-01-21T15:36:27","slug":"volkswagen-polo-highline-2022","status":"publish","type":"product","link":"https:\/\/capta.com.co\/rodaris\/producto\/volkswagen-polo-highline-2022\/","title":{"rendered":"Volkswagen Polo Highline 2022"},"content":{"rendered":"<div style=\"padding-left: 40px\"><strong>Descripci\u00f3n<\/strong><\/div>\n<ul>\n<li>Kilometraje: 27.000<\/li>\n<li>Motor: 1.6 litros, gasolina<\/li>\n<li>Transmisi\u00f3n: Autom\u00e1tica Tiptronic de 6 velocidades<\/li>\n<li>SOAT vigente hasta: Septiembre\/2025<\/li>\n<li>Placa: Terminada en 6 (Par)<\/li>\n<\/ul>\n<div><\/div>\n<div><strong>Caracter\u00edsticas adicionales:<\/strong><\/div>\n<ul>\n<li>Pantalla t\u00e1ctil multimedia con conectividad<\/li>\n<li>Tablero digital multifunci\u00f3n<\/li>\n<li>Cojiner\u00eda en cuero<\/li>\n<li>Aire acondicionado Climatronic<\/li>\n<li>Airbags (conductor y acompa\u00f1ante)<\/li>\n<li>Controles en el volante<\/li>\n<li>Vidrios el\u00e9ctricos en las 4 puertas<\/li>\n<li>Retrovisores el\u00e9ctricos<\/li>\n<li>Direcci\u00f3n electroasistida<\/li>\n<li>Sistema de frenos ABS y control de estabilidad (ESP)<\/li>\n<li>Cierre central y bloqueo autom\u00e1tico en marcha<\/li>\n<\/ul>\n","protected":false},"excerpt":{"rendered":"<p>Descripci\u00f3n Kilometraje: 27.000 Motor: 1.6 litros, gasolina Transmisi\u00f3n: Autom\u00e1tica Tiptronic de 6 velocidades SOAT vigente hasta: Septiembre\/2025 Placa: Terminada en 6 (Par) Caracter\u00edsticas adicionales: Pantalla t\u00e1ctil multimedia con conectividad Tablero digital multifunci\u00f3n Cojiner\u00eda en cuero Aire acondicionado Climatronic Airbags (conductor y acompa\u00f1ante) Controles en el volante Vidrios el\u00e9ctricos en las 4 puertas Retrovisores el\u00e9ctricos Direcci\u00f3n [&hellip;]<\/p>\n","protected":false},"featured_media":174,"comment_status":"open","ping_status":"closed","template":"","meta":{"_acf_changed":false,"inline_featured_image":false},"product_brand":[],"product_cat":[16],"product_tag":[],"class_list":{"0":"post-38","1":"product","2":"type-product","3":"status-publish","4":"has-post-thumbnail","6":"product_cat-automoviles","8":"first","9":"instock","10":"shipping-taxable","11":"product-type-external"},"acf":[],"yoast_head":"<!-- This site is optimized with the Yoast SEO plugin v27.5 - https:\/\/yoast.com\/product\/yoast-seo-wordpress\/ -->\n<title>Volkswagen Polo Highline 2022 - Rodaris Capital<\/title>\n<meta name=\"robots\" content=\"index, follow, max-snippet:-1, max-image-preview:large, max-video-preview:-1\" \/>\n<link rel=\"canonical\" href=\"https:\/\/capta.com.co\/rodaris\/producto\/volkswagen-polo-highline-2022\/\" \/>\n<meta property=\"og:locale\" content=\"es_ES\" \/>\n<meta property=\"og:type\" content=\"article\" \/>\n<meta property=\"og:title\" content=\"Volkswagen Polo Highline 2022 - Rodaris Capital\" \/>\n<meta property=\"og:description\" content=\"Descripci\u00f3n Kilometraje: 27.000 Motor: 1.6 litros, gasolina Transmisi\u00f3n: Autom\u00e1tica Tiptronic de 6 velocidades SOAT vigente hasta: Septiembre\/2025 Placa: Terminada en 6 (Par) Caracter\u00edsticas adicionales: Pantalla t\u00e1ctil multimedia con conectividad Tablero digital multifunci\u00f3n Cojiner\u00eda en cuero Aire acondicionado Climatronic Airbags (conductor y acompa\u00f1ante) Controles en el volante Vidrios el\u00e9ctricos en las 4 puertas Retrovisores el\u00e9ctricos Direcci\u00f3n [&hellip;]\" \/>\n<meta property=\"og:url\" content=\"https:\/\/capta.com.co\/rodaris\/producto\/volkswagen-polo-highline-2022\/\" \/>\n<meta property=\"og:site_name\" content=\"Rodaris Capital\" \/>\n<meta property=\"article:modified_time\" content=\"2026-01-21T15:36:27+00:00\" \/>\n<meta property=\"og:image\" content=\"https:\/\/capta.com.co\/rodaris\/wp-content\/uploads\/sites\/70\/2025\/07\/Negro-y-Naranja-Foto-Superposicion-Recien-Vendido-Postal-Post-de-Instagram-45-1-1.png\" \/>\n\t<meta property=\"og:image:width\" content=\"1080\" \/>\n\t<meta property=\"og:image:height\" content=\"1350\" \/>\n\t<meta property=\"og:image:type\" content=\"image\/png\" \/>\n<meta name=\"twitter:card\" content=\"summary_large_image\" \/>\n<script type=\"application\/ld+json\" class=\"yoast-schema-graph\">{\"@context\":\"https:\\\/\\\/schema.org\",\"@graph\":[{\"@type\":\"WebPage\",\"@id\":\"https:\\\/\\\/capta.com.co\\\/rodaris\\\/producto\\\/volkswagen-polo-highline-2022\\\/\",\"url\":\"https:\\\/\\\/capta.com.co\\\/rodaris\\\/producto\\\/volkswagen-polo-highline-2022\\\/\",\"name\":\"Volkswagen Polo Highline 2022 - Rodaris Capital\",\"isPartOf\":{\"@id\":\"https:\\\/\\\/capta.com.co\\\/rodaris\\\/#website\"},\"primaryImageOfPage\":{\"@id\":\"https:\\\/\\\/capta.com.co\\\/rodaris\\\/producto\\\/volkswagen-polo-highline-2022\\\/#primaryimage\"},\"image\":{\"@id\":\"https:\\\/\\\/capta.com.co\\\/rodaris\\\/producto\\\/volkswagen-polo-highline-2022\\\/#primaryimage\"},\"thumbnailUrl\":\"https:\\\/\\\/capta.com.co\\\/rodaris\\\/wp-content\\\/uploads\\\/sites\\\/70\\\/2025\\\/07\\\/Negro-y-Naranja-Foto-Superposicion-Recien-Vendido-Postal-Post-de-Instagram-45-1-1.png\",\"datePublished\":\"2025-07-13T15:11:36+00:00\",\"dateModified\":\"2026-01-21T15:36:27+00:00\",\"breadcrumb\":{\"@id\":\"https:\\\/\\\/capta.com.co\\\/rodaris\\\/producto\\\/volkswagen-polo-highline-2022\\\/#breadcrumb\"},\"inLanguage\":\"es\",\"potentialAction\":[{\"@type\":\"ReadAction\",\"target\":[\"https:\\\/\\\/capta.com.co\\\/rodaris\\\/producto\\\/volkswagen-polo-highline-2022\\\/\"]}]},{\"@type\":\"ImageObject\",\"inLanguage\":\"es\",\"@id\":\"https:\\\/\\\/capta.com.co\\\/rodaris\\\/producto\\\/volkswagen-polo-highline-2022\\\/#primaryimage\",\"url\":\"https:\\\/\\\/capta.com.co\\\/rodaris\\\/wp-content\\\/uploads\\\/sites\\\/70\\\/2025\\\/07\\\/Negro-y-Naranja-Foto-Superposicion-Recien-Vendido-Postal-Post-de-Instagram-45-1-1.png\",\"contentUrl\":\"https:\\\/\\\/capta.com.co\\\/rodaris\\\/wp-content\\\/uploads\\\/sites\\\/70\\\/2025\\\/07\\\/Negro-y-Naranja-Foto-Superposicion-Recien-Vendido-Postal-Post-de-Instagram-45-1-1.png\",\"width\":1080,\"height\":1350},{\"@type\":\"BreadcrumbList\",\"@id\":\"https:\\\/\\\/capta.com.co\\\/rodaris\\\/producto\\\/volkswagen-polo-highline-2022\\\/#breadcrumb\",\"itemListElement\":[{\"@type\":\"ListItem\",\"position\":1,\"name\":\"Portada\",\"item\":\"https:\\\/\\\/capta.com.co\\\/rodaris\\\/\"},{\"@type\":\"ListItem\",\"position\":2,\"name\":\"Tienda\",\"item\":\"https:\\\/\\\/capta.com.co\\\/rodaris\\\/\"},{\"@type\":\"ListItem\",\"position\":3,\"name\":\"Volkswagen Polo Highline 2022\"}]},{\"@type\":\"WebSite\",\"@id\":\"https:\\\/\\\/capta.com.co\\\/rodaris\\\/#website\",\"url\":\"https:\\\/\\\/capta.com.co\\\/rodaris\\\/\",\"name\":\"Rodaris Capital\",\"description\":\"Capta - Compras que inspiran\",\"potentialAction\":[{\"@type\":\"SearchAction\",\"target\":{\"@type\":\"EntryPoint\",\"urlTemplate\":\"https:\\\/\\\/capta.com.co\\\/rodaris\\\/?s={search_term_string}\"},\"query-input\":{\"@type\":\"PropertyValueSpecification\",\"valueRequired\":true,\"valueName\":\"search_term_string\"}}],\"inLanguage\":\"es\"}]}<\/script>\n<!-- \/ Yoast SEO plugin. -->","yoast_head_json":{"title":"Volkswagen Polo Highline 2022 - Rodaris Capital","robots":{"index":"index","follow":"follow","max-snippet":"max-snippet:-1","max-image-preview":"max-image-preview:large","max-video-preview":"max-video-preview:-1"},"canonical":"https:\/\/capta.com.co\/rodaris\/producto\/volkswagen-polo-highline-2022\/","og_locale":"es_ES","og_type":"article","og_title":"Volkswagen Polo Highline 2022 - Rodaris Capital","og_description":"Descripci\u00f3n Kilometraje: 27.000 Motor: 1.6 litros, gasolina Transmisi\u00f3n: Autom\u00e1tica Tiptronic de 6 velocidades SOAT vigente hasta: Septiembre\/2025 Placa: Terminada en 6 (Par) Caracter\u00edsticas adicionales: Pantalla t\u00e1ctil multimedia con conectividad Tablero digital multifunci\u00f3n Cojiner\u00eda en cuero Aire acondicionado Climatronic Airbags (conductor y acompa\u00f1ante) Controles en el volante Vidrios el\u00e9ctricos en las 4 puertas Retrovisores el\u00e9ctricos Direcci\u00f3n [&hellip;]","og_url":"https:\/\/capta.com.co\/rodaris\/producto\/volkswagen-polo-highline-2022\/","og_site_name":"Rodaris Capital","article_modified_time":"2026-01-21T15:36:27+00:00","og_image":[{"width":1080,"height":1350,"url":"https:\/\/capta.com.co\/rodaris\/wp-content\/uploads\/sites\/70\/2025\/07\/Negro-y-Naranja-Foto-Superposicion-Recien-Vendido-Postal-Post-de-Instagram-45-1-1.png","type":"image\/png"}],"twitter_card":"summary_large_image","schema":{"@context":"https:\/\/schema.org","@graph":[{"@type":"WebPage","@id":"https:\/\/capta.com.co\/rodaris\/producto\/volkswagen-polo-highline-2022\/","url":"https:\/\/capta.com.co\/rodaris\/producto\/volkswagen-polo-highline-2022\/","name":"Volkswagen Polo Highline 2022 - Rodaris Capital","isPartOf":{"@id":"https:\/\/capta.com.co\/rodaris\/#website"},"primaryImageOfPage":{"@id":"https:\/\/capta.com.co\/rodaris\/producto\/volkswagen-polo-highline-2022\/#primaryimage"},"image":{"@id":"https:\/\/capta.com.co\/rodaris\/producto\/volkswagen-polo-highline-2022\/#primaryimage"},"thumbnailUrl":"https:\/\/capta.com.co\/rodaris\/wp-content\/uploads\/sites\/70\/2025\/07\/Negro-y-Naranja-Foto-Superposicion-Recien-Vendido-Postal-Post-de-Instagram-45-1-1.png","datePublished":"2025-07-13T15:11:36+00:00","dateModified":"2026-01-21T15:36:27+00:00","breadcrumb":{"@id":"https:\/\/capta.com.co\/rodaris\/producto\/volkswagen-polo-highline-2022\/#breadcrumb"},"inLanguage":"es","potentialAction":[{"@type":"ReadAction","target":["https:\/\/capta.com.co\/rodaris\/producto\/volkswagen-polo-highline-2022\/"]}]},{"@type":"ImageObject","inLanguage":"es","@id":"https:\/\/capta.com.co\/rodaris\/producto\/volkswagen-polo-highline-2022\/#primaryimage","url":"https:\/\/capta.com.co\/rodaris\/wp-content\/uploads\/sites\/70\/2025\/07\/Negro-y-Naranja-Foto-Superposicion-Recien-Vendido-Postal-Post-de-Instagram-45-1-1.png","contentUrl":"https:\/\/capta.com.co\/rodaris\/wp-content\/uploads\/sites\/70\/2025\/07\/Negro-y-Naranja-Foto-Superposicion-Recien-Vendido-Postal-Post-de-Instagram-45-1-1.png","width":1080,"height":1350},{"@type":"BreadcrumbList","@id":"https:\/\/capta.com.co\/rodaris\/producto\/volkswagen-polo-highline-2022\/#breadcrumb","itemListElement":[{"@type":"ListItem","position":1,"name":"Portada","item":"https:\/\/capta.com.co\/rodaris\/"},{"@type":"ListItem","position":2,"name":"Tienda","item":"https:\/\/capta.com.co\/rodaris\/"},{"@type":"ListItem","position":3,"name":"Volkswagen Polo Highline 2022"}]},{"@type":"WebSite","@id":"https:\/\/capta.com.co\/rodaris\/#website","url":"https:\/\/capta.com.co\/rodaris\/","name":"Rodaris Capital","description":"Capta - Compras que inspiran","potentialAction":[{"@type":"SearchAction","target":{"@type":"EntryPoint","urlTemplate":"https:\/\/capta.com.co\/rodaris\/?s={search_term_string}"},"query-input":{"@type":"PropertyValueSpecification","valueRequired":true,"valueName":"search_term_string"}}],"inLanguage":"es"}]}},"_links":{"self":[{"href":"https:\/\/capta.com.co\/rodaris\/wp-json\/wp\/v2\/product\/38","targetHints":{"allow":["GET"]}}],"collection":[{"href":"https:\/\/capta.com.co\/rodaris\/wp-json\/wp\/v2\/product"}],"about":[{"href":"https:\/\/capta.com.co\/rodaris\/wp-json\/wp\/v2\/types\/product"}],"replies":[{"embeddable":true,"href":"https:\/\/capta.com.co\/rodaris\/wp-json\/wp\/v2\/comments?post=38"}],"wp:featuredmedia":[{"embeddable":true,"href":"https:\/\/capta.com.co\/rodaris\/wp-json\/wp\/v2\/media\/174"}],"wp:attachment":[{"href":"https:\/\/capta.com.co\/rodaris\/wp-json\/wp\/v2\/media?parent=38"}],"wp:term":[{"taxonomy":"product_brand","embeddable":true,"href":"https:\/\/capta.com.co\/rodaris\/wp-json\/wp\/v2\/product_brand?post=38"},{"taxonomy":"product_cat","embeddable":true,"href":"https:\/\/capta.com.co\/rodaris\/wp-json\/wp\/v2\/product_cat?post=38"},{"taxonomy":"product_tag","embeddable":true,"href":"https:\/\/capta.com.co\/rodaris\/wp-json\/wp\/v2\/product_tag?post=38"}],"curies":[{"name":"wp","href":"https:\/\/api.w.org\/{rel}","templated":true}]}}