{"id":233,"date":"2023-08-19T11:51:48","date_gmt":"2023-08-19T16:51:48","guid":{"rendered":"https:\/\/capta.com.co\/agustinangarita\/?post_type=product&#038;p=233"},"modified":"2024-11-09T10:22:30","modified_gmt":"2024-11-09T15:22:30","slug":"prosan-500ml","status":"publish","type":"product","link":"https:\/\/capta.com.co\/agustinangarita\/producto\/prosan-500ml\/","title":{"rendered":"PROSAN Frasco de 500ml"},"content":{"rendered":"<p><strong>PROSAN<\/strong>\u00a0es un producto natural que mejora las defensas, regenera tejidos, es energizante y previene enfermedades. Contiene la combinaci\u00f3n de Regaliz, Achiote, N\u00edspero, zanahoria, calabaza, cloruro de magnesio.<\/p>\n<p>La ra\u00edz del<strong> regaliz<\/strong>, por su contenido en saponinas, <b>act\u00faa como expectorante con acci\u00f3n secretol\u00edtica y secretomotora para la tos y las inflamaciones de las v\u00edas respiratorias<\/b>. Su efecto antiviral se debe a la inducci\u00f3n y aumento de la producci\u00f3n de interferones.<\/p>\n<p>El <strong>Achiote<\/strong> se usa para aliviar<b> problemas de ri\u00f1\u00f3n, patolog\u00edas estomacales, quemaduras, malestares de garganta, problemas respiratorios, conjuntivitis, dolor de cabeza y heridas<\/b>.<\/p>\n<p>El N\u00edspero ayuda a<b> fortalecer el sistema inmunol\u00f3gico<\/b>. Adem\u00e1s, aporta nutrientes esenciales como el potasio, el magnesio y el calcio, indispensables para mantener el organismo en buen estado y funcionando de manera correcta. <strong>Mejora las defensas del organismo.<\/strong><\/p>\n<p>La zanahoria es un poderoso antioxidante con abundante contenido en\u00a0betacaroteno, que cumple un papel preventivo frente a enfermedades como el <b>c\u00e1ncer, enfermedades cardiovasculares, cataratas y degeneraci\u00f3n macular senil<\/b>, dada su capacidad antioxidante y moduladora de la respuesta inmunitaria.<\/p>\n","protected":false},"excerpt":{"rendered":"<p>PROSAN\u00a0es un producto natural que mejora las defensas, regenera tejidos, es energizante y previene enfermedades. Contiene la combinaci\u00f3n de Regaliz, Achiote, N\u00edspero, zanahoria, calabaza, cloruro de magnesio. La ra\u00edz del regaliz, por su contenido en saponinas, act\u00faa como expectorante con acci\u00f3n secretol\u00edtica y secretomotora para la tos y las inflamaciones de las v\u00edas respiratorias. Su [&hellip;]<\/p>\n","protected":false},"featured_media":234,"comment_status":"open","ping_status":"closed","template":"","meta":{"_acf_changed":false,"inline_featured_image":false},"product_brand":[],"product_cat":[16,128,17],"product_tag":[40,66,20,172,173,174],"class_list":{"0":"post-233","1":"product","2":"type-product","3":"status-publish","4":"has-post-thumbnail","6":"product_cat-alimento-funcional","7":"product_cat-inmunomodulador","8":"product_cat-medicamentos-naturales","9":"product_tag-antiinflamatorio","10":"product_tag-antioxidante","11":"product_tag-energizante","12":"product_tag-mejora-las-defensas","13":"product_tag-mejora-sistema-respiratorio","14":"product_tag-protector-renal","16":"first","17":"instock","18":"shipping-taxable","19":"purchasable","20":"product-type-simple"},"acf":[],"yoast_head":"<!-- This site is optimized with the Yoast SEO plugin v27.3 - https:\/\/yoast.com\/product\/yoast-seo-wordpress\/ -->\n<title>PROSAN Frasco de 500ml - Agust\u00edn Angarita<\/title>\n<meta name=\"robots\" content=\"index, follow, max-snippet:-1, max-image-preview:large, max-video-preview:-1\" \/>\n<link rel=\"canonical\" href=\"https:\/\/capta.com.co\/agustinangarita\/producto\/prosan-500ml\/\" \/>\n<meta property=\"og:locale\" content=\"es_ES\" \/>\n<meta property=\"og:type\" content=\"article\" \/>\n<meta property=\"og:title\" content=\"PROSAN Frasco de 500ml - Agust\u00edn Angarita\" \/>\n<meta property=\"og:description\" content=\"PROSAN\u00a0es un producto natural que mejora las defensas, regenera tejidos, es energizante y previene enfermedades. Contiene la combinaci\u00f3n de Regaliz, Achiote, N\u00edspero, zanahoria, calabaza, cloruro de magnesio. La ra\u00edz del regaliz, por su contenido en saponinas, act\u00faa como expectorante con acci\u00f3n secretol\u00edtica y secretomotora para la tos y las inflamaciones de las v\u00edas respiratorias. Su [&hellip;]\" \/>\n<meta property=\"og:url\" content=\"https:\/\/capta.com.co\/agustinangarita\/producto\/prosan-500ml\/\" \/>\n<meta property=\"og:site_name\" content=\"Agust\u00edn Angarita\" \/>\n<meta property=\"article:modified_time\" content=\"2024-11-09T15:22:30+00:00\" \/>\n<meta property=\"og:image\" content=\"https:\/\/capta.com.co\/agustinangarita\/wp-content\/uploads\/sites\/22\/2023\/08\/IMG-20230812-WA0049-removebg-preview.png\" \/>\n\t<meta property=\"og:image:width\" content=\"500\" \/>\n\t<meta property=\"og:image:height\" content=\"500\" \/>\n\t<meta property=\"og:image:type\" content=\"image\/png\" \/>\n<meta name=\"twitter:card\" content=\"summary_large_image\" \/>\n<meta name=\"twitter:label1\" content=\"Tiempo de lectura\" \/>\n\t<meta name=\"twitter:data1\" content=\"1 minuto\" \/>\n<script type=\"application\/ld+json\" class=\"yoast-schema-graph\">{\"@context\":\"https:\\\/\\\/schema.org\",\"@graph\":[{\"@type\":\"WebPage\",\"@id\":\"https:\\\/\\\/capta.com.co\\\/agustinangarita\\\/producto\\\/prosan-500ml\\\/\",\"url\":\"https:\\\/\\\/capta.com.co\\\/agustinangarita\\\/producto\\\/prosan-500ml\\\/\",\"name\":\"PROSAN Frasco de 500ml - Agust\u00edn Angarita\",\"isPartOf\":{\"@id\":\"https:\\\/\\\/capta.com.co\\\/agustinangarita\\\/#website\"},\"primaryImageOfPage\":{\"@id\":\"https:\\\/\\\/capta.com.co\\\/agustinangarita\\\/producto\\\/prosan-500ml\\\/#primaryimage\"},\"image\":{\"@id\":\"https:\\\/\\\/capta.com.co\\\/agustinangarita\\\/producto\\\/prosan-500ml\\\/#primaryimage\"},\"thumbnailUrl\":\"https:\\\/\\\/capta.com.co\\\/agustinangarita\\\/wp-content\\\/uploads\\\/sites\\\/22\\\/2023\\\/08\\\/IMG-20230812-WA0049-removebg-preview.png\",\"datePublished\":\"2023-08-19T16:51:48+00:00\",\"dateModified\":\"2024-11-09T15:22:30+00:00\",\"breadcrumb\":{\"@id\":\"https:\\\/\\\/capta.com.co\\\/agustinangarita\\\/producto\\\/prosan-500ml\\\/#breadcrumb\"},\"inLanguage\":\"es\",\"potentialAction\":[{\"@type\":\"ReadAction\",\"target\":[\"https:\\\/\\\/capta.com.co\\\/agustinangarita\\\/producto\\\/prosan-500ml\\\/\"]}]},{\"@type\":\"ImageObject\",\"inLanguage\":\"es\",\"@id\":\"https:\\\/\\\/capta.com.co\\\/agustinangarita\\\/producto\\\/prosan-500ml\\\/#primaryimage\",\"url\":\"https:\\\/\\\/capta.com.co\\\/agustinangarita\\\/wp-content\\\/uploads\\\/sites\\\/22\\\/2023\\\/08\\\/IMG-20230812-WA0049-removebg-preview.png\",\"contentUrl\":\"https:\\\/\\\/capta.com.co\\\/agustinangarita\\\/wp-content\\\/uploads\\\/sites\\\/22\\\/2023\\\/08\\\/IMG-20230812-WA0049-removebg-preview.png\",\"width\":500,\"height\":500},{\"@type\":\"BreadcrumbList\",\"@id\":\"https:\\\/\\\/capta.com.co\\\/agustinangarita\\\/producto\\\/prosan-500ml\\\/#breadcrumb\",\"itemListElement\":[{\"@type\":\"ListItem\",\"position\":1,\"name\":\"Portada\",\"item\":\"https:\\\/\\\/capta.com.co\\\/agustinangarita\\\/\"},{\"@type\":\"ListItem\",\"position\":2,\"name\":\"Tienda\",\"item\":\"https:\\\/\\\/capta.com.co\\\/agustinangarita\\\/\"},{\"@type\":\"ListItem\",\"position\":3,\"name\":\"PROSAN Frasco de 500ml\"}]},{\"@type\":\"WebSite\",\"@id\":\"https:\\\/\\\/capta.com.co\\\/agustinangarita\\\/#website\",\"url\":\"https:\\\/\\\/capta.com.co\\\/agustinangarita\\\/\",\"name\":\"Agust\u00edn Angarita\",\"description\":\"Capta - Compras que inspiran\",\"potentialAction\":[{\"@type\":\"SearchAction\",\"target\":{\"@type\":\"EntryPoint\",\"urlTemplate\":\"https:\\\/\\\/capta.com.co\\\/agustinangarita\\\/?s={search_term_string}\"},\"query-input\":{\"@type\":\"PropertyValueSpecification\",\"valueRequired\":true,\"valueName\":\"search_term_string\"}}],\"inLanguage\":\"es\"}]}<\/script>\n<!-- \/ Yoast SEO plugin. -->","yoast_head_json":{"title":"PROSAN Frasco de 500ml - Agust\u00edn Angarita","robots":{"index":"index","follow":"follow","max-snippet":"max-snippet:-1","max-image-preview":"max-image-preview:large","max-video-preview":"max-video-preview:-1"},"canonical":"https:\/\/capta.com.co\/agustinangarita\/producto\/prosan-500ml\/","og_locale":"es_ES","og_type":"article","og_title":"PROSAN Frasco de 500ml - Agust\u00edn Angarita","og_description":"PROSAN\u00a0es un producto natural que mejora las defensas, regenera tejidos, es energizante y previene enfermedades. Contiene la combinaci\u00f3n de Regaliz, Achiote, N\u00edspero, zanahoria, calabaza, cloruro de magnesio. La ra\u00edz del regaliz, por su contenido en saponinas, act\u00faa como expectorante con acci\u00f3n secretol\u00edtica y secretomotora para la tos y las inflamaciones de las v\u00edas respiratorias. Su [&hellip;]","og_url":"https:\/\/capta.com.co\/agustinangarita\/producto\/prosan-500ml\/","og_site_name":"Agust\u00edn Angarita","article_modified_time":"2024-11-09T15:22:30+00:00","og_image":[{"width":500,"height":500,"url":"https:\/\/capta.com.co\/agustinangarita\/wp-content\/uploads\/sites\/22\/2023\/08\/IMG-20230812-WA0049-removebg-preview.png","type":"image\/png"}],"twitter_card":"summary_large_image","twitter_misc":{"Tiempo de lectura":"1 minuto"},"schema":{"@context":"https:\/\/schema.org","@graph":[{"@type":"WebPage","@id":"https:\/\/capta.com.co\/agustinangarita\/producto\/prosan-500ml\/","url":"https:\/\/capta.com.co\/agustinangarita\/producto\/prosan-500ml\/","name":"PROSAN Frasco de 500ml - Agust\u00edn Angarita","isPartOf":{"@id":"https:\/\/capta.com.co\/agustinangarita\/#website"},"primaryImageOfPage":{"@id":"https:\/\/capta.com.co\/agustinangarita\/producto\/prosan-500ml\/#primaryimage"},"image":{"@id":"https:\/\/capta.com.co\/agustinangarita\/producto\/prosan-500ml\/#primaryimage"},"thumbnailUrl":"https:\/\/capta.com.co\/agustinangarita\/wp-content\/uploads\/sites\/22\/2023\/08\/IMG-20230812-WA0049-removebg-preview.png","datePublished":"2023-08-19T16:51:48+00:00","dateModified":"2024-11-09T15:22:30+00:00","breadcrumb":{"@id":"https:\/\/capta.com.co\/agustinangarita\/producto\/prosan-500ml\/#breadcrumb"},"inLanguage":"es","potentialAction":[{"@type":"ReadAction","target":["https:\/\/capta.com.co\/agustinangarita\/producto\/prosan-500ml\/"]}]},{"@type":"ImageObject","inLanguage":"es","@id":"https:\/\/capta.com.co\/agustinangarita\/producto\/prosan-500ml\/#primaryimage","url":"https:\/\/capta.com.co\/agustinangarita\/wp-content\/uploads\/sites\/22\/2023\/08\/IMG-20230812-WA0049-removebg-preview.png","contentUrl":"https:\/\/capta.com.co\/agustinangarita\/wp-content\/uploads\/sites\/22\/2023\/08\/IMG-20230812-WA0049-removebg-preview.png","width":500,"height":500},{"@type":"BreadcrumbList","@id":"https:\/\/capta.com.co\/agustinangarita\/producto\/prosan-500ml\/#breadcrumb","itemListElement":[{"@type":"ListItem","position":1,"name":"Portada","item":"https:\/\/capta.com.co\/agustinangarita\/"},{"@type":"ListItem","position":2,"name":"Tienda","item":"https:\/\/capta.com.co\/agustinangarita\/"},{"@type":"ListItem","position":3,"name":"PROSAN Frasco de 500ml"}]},{"@type":"WebSite","@id":"https:\/\/capta.com.co\/agustinangarita\/#website","url":"https:\/\/capta.com.co\/agustinangarita\/","name":"Agust\u00edn Angarita","description":"Capta - Compras que inspiran","potentialAction":[{"@type":"SearchAction","target":{"@type":"EntryPoint","urlTemplate":"https:\/\/capta.com.co\/agustinangarita\/?s={search_term_string}"},"query-input":{"@type":"PropertyValueSpecification","valueRequired":true,"valueName":"search_term_string"}}],"inLanguage":"es"}]}},"_links":{"self":[{"href":"https:\/\/capta.com.co\/agustinangarita\/wp-json\/wp\/v2\/product\/233","targetHints":{"allow":["GET"]}}],"collection":[{"href":"https:\/\/capta.com.co\/agustinangarita\/wp-json\/wp\/v2\/product"}],"about":[{"href":"https:\/\/capta.com.co\/agustinangarita\/wp-json\/wp\/v2\/types\/product"}],"replies":[{"embeddable":true,"href":"https:\/\/capta.com.co\/agustinangarita\/wp-json\/wp\/v2\/comments?post=233"}],"wp:featuredmedia":[{"embeddable":true,"href":"https:\/\/capta.com.co\/agustinangarita\/wp-json\/wp\/v2\/media\/234"}],"wp:attachment":[{"href":"https:\/\/capta.com.co\/agustinangarita\/wp-json\/wp\/v2\/media?parent=233"}],"wp:term":[{"taxonomy":"product_brand","embeddable":true,"href":"https:\/\/capta.com.co\/agustinangarita\/wp-json\/wp\/v2\/product_brand?post=233"},{"taxonomy":"product_cat","embeddable":true,"href":"https:\/\/capta.com.co\/agustinangarita\/wp-json\/wp\/v2\/product_cat?post=233"},{"taxonomy":"product_tag","embeddable":true,"href":"https:\/\/capta.com.co\/agustinangarita\/wp-json\/wp\/v2\/product_tag?post=233"}],"curies":[{"name":"wp","href":"https:\/\/api.w.org\/{rel}","templated":true}]}}