{"id":222,"date":"2023-08-19T09:37:02","date_gmt":"2023-08-19T14:37:02","guid":{"rendered":"https:\/\/capta.com.co\/agustinangarita\/?post_type=product&#038;p=222"},"modified":"2026-05-02T11:30:09","modified_gmt":"2026-05-02T16:30:09","slug":"calcio-magnesio-y-zinc-100-capsulas","status":"publish","type":"product","link":"https:\/\/capta.com.co\/agustinangarita\/producto\/calcio-magnesio-y-zinc-100-capsulas\/","title":{"rendered":"CALCIO MAGNESIO Y ZINC plus Vitamina D 100 capsulas"},"content":{"rendered":"<p>Combinaci\u00f3n de 500mg de calcio, 250 mg de magnesio, zinc 25 mg, vitamina D 100UI y aceites de girasol y c\u00e1rtamo.<\/p>\n<p><strong>Calcio:<\/strong> Componente de los huesos y dientes.\u00a0 Ayuda a regular las contracciones musculares, a transmitir impulsos nerviosos y a monitorear la permeabilidad celular. El calcio s\u00f3lo puede ser aprovechado en presencia de f\u00f3sforo y de vitamina D. La insuficiencia de calcio contribuye a la p\u00e9rdida de hueso, de dientes, calambres musculares e hipertensi\u00f3n.<\/p>\n<p><strong>Magnesio<\/strong>: Esencial para m\u00e1s de 300 reacciones bioqu\u00edmicas del organismo. Es necesario para la funci\u00f3n muscular y nerviosa, mantener el ritmo cardiaco y ayuda a fortalecer huesos y dientes. La insuficiencia produce p\u00e9rdida de apetito, n\u00e1usea, v\u00f3mito, fatiga y debilidad. Un estudio mostr\u00f3 que ingerir cantidades altas de fibra y magnesio puede reducir el riesgo de diabetes tipo 2.<\/p>\n<p><strong>Zinc:<\/strong> Involucrado en la curaci\u00f3n de heridas, reproducci\u00f3n celular y crecimiento de tejidos, maduraci\u00f3n sexual y los sentidos del gusto y el olfato;\u00a0 tambi\u00e9n se asocia a m\u00e1s de 100 reacciones enzim\u00e1ticas del cuerpo. Su insuficiencia genera un detrimento de la inmunidad, lo que conlleva a la pobre curaci\u00f3n\u00a0 de las heridas e infecci\u00f3n.<\/p>\n<p><strong>Vitamina D<\/strong>: Ayuda a generar y mantener los huesos fuertes. Mejora la absorci\u00f3n de calcio. Junto con el calcio ayuda a prevenir la osteoporosis, participa en la regulaci\u00f3n de la inmunidad celular y en cantidades adecuadas favorece la salud del coraz\u00f3n.<\/p>\n","protected":false},"excerpt":{"rendered":"<p>Combinaci\u00f3n de 500mg de calcio, 250 mg de magnesio, zinc 25 mg, vitamina D 100UI y aceites de girasol y c\u00e1rtamo. Calcio: Componente de los huesos y dientes.\u00a0 Ayuda a regular las contracciones musculares, a transmitir impulsos nerviosos y a monitorear la permeabilidad celular. El calcio s\u00f3lo puede ser aprovechado en presencia de f\u00f3sforo y [&hellip;]<\/p>\n","protected":false},"featured_media":226,"comment_status":"open","ping_status":"closed","template":"","meta":{"_acf_changed":false,"inline_featured_image":false},"product_brand":[],"product_cat":[16,128,17],"product_tag":[20,148,150,152,147,149,151],"class_list":{"0":"post-222","1":"product","2":"type-product","3":"status-publish","4":"has-post-thumbnail","6":"product_cat-alimento-funcional","7":"product_cat-inmunomodulador","8":"product_cat-medicamentos-naturales","9":"product_tag-energizante","10":"product_tag-evita-calambres","11":"product_tag-fatiga","12":"product_tag-fortalece-corazon","13":"product_tag-fortalece-huesos-y-dientes","14":"product_tag-maduracion-sexual","15":"product_tag-mejora-defensas","17":"first","18":"instock","19":"shipping-taxable","20":"purchasable","21":"product-type-simple"},"acf":[],"yoast_head":"<!-- This site is optimized with the Yoast SEO plugin v27.5 - https:\/\/yoast.com\/product\/yoast-seo-wordpress\/ -->\n<title>CALCIO MAGNESIO Y ZINC plus Vitamina D 100 capsulas - Agust\u00edn Angarita<\/title>\n<meta name=\"robots\" content=\"index, follow, max-snippet:-1, max-image-preview:large, max-video-preview:-1\" \/>\n<link rel=\"canonical\" href=\"https:\/\/capta.com.co\/agustinangarita\/producto\/calcio-magnesio-y-zinc-100-capsulas\/\" \/>\n<meta property=\"og:locale\" content=\"es_ES\" \/>\n<meta property=\"og:type\" content=\"article\" \/>\n<meta property=\"og:title\" content=\"CALCIO MAGNESIO Y ZINC plus Vitamina D 100 capsulas - Agust\u00edn Angarita\" \/>\n<meta property=\"og:description\" content=\"Combinaci\u00f3n de 500mg de calcio, 250 mg de magnesio, zinc 25 mg, vitamina D 100UI y aceites de girasol y c\u00e1rtamo. Calcio: Componente de los huesos y dientes.\u00a0 Ayuda a regular las contracciones musculares, a transmitir impulsos nerviosos y a monitorear la permeabilidad celular. El calcio s\u00f3lo puede ser aprovechado en presencia de f\u00f3sforo y [&hellip;]\" \/>\n<meta property=\"og:url\" content=\"https:\/\/capta.com.co\/agustinangarita\/producto\/calcio-magnesio-y-zinc-100-capsulas\/\" \/>\n<meta property=\"og:site_name\" content=\"Agust\u00edn Angarita\" \/>\n<meta property=\"article:modified_time\" content=\"2026-05-02T16:30:09+00:00\" \/>\n<meta property=\"og:image\" content=\"https:\/\/capta.com.co\/agustinangarita\/wp-content\/uploads\/sites\/22\/2023\/08\/IMG-20230812-WA0073-removebg-preview.png\" \/>\n\t<meta property=\"og:image:width\" content=\"492\" \/>\n\t<meta property=\"og:image:height\" content=\"507\" \/>\n\t<meta property=\"og:image:type\" content=\"image\/png\" \/>\n<meta name=\"twitter:card\" content=\"summary_large_image\" \/>\n<meta name=\"twitter:label1\" content=\"Tiempo de lectura\" \/>\n\t<meta name=\"twitter:data1\" content=\"1 minuto\" \/>\n<script type=\"application\/ld+json\" class=\"yoast-schema-graph\">{\"@context\":\"https:\\\/\\\/schema.org\",\"@graph\":[{\"@type\":\"WebPage\",\"@id\":\"https:\\\/\\\/capta.com.co\\\/agustinangarita\\\/producto\\\/calcio-magnesio-y-zinc-100-capsulas\\\/\",\"url\":\"https:\\\/\\\/capta.com.co\\\/agustinangarita\\\/producto\\\/calcio-magnesio-y-zinc-100-capsulas\\\/\",\"name\":\"CALCIO MAGNESIO Y ZINC plus Vitamina D 100 capsulas - Agust\u00edn Angarita\",\"isPartOf\":{\"@id\":\"https:\\\/\\\/capta.com.co\\\/agustinangarita\\\/#website\"},\"primaryImageOfPage\":{\"@id\":\"https:\\\/\\\/capta.com.co\\\/agustinangarita\\\/producto\\\/calcio-magnesio-y-zinc-100-capsulas\\\/#primaryimage\"},\"image\":{\"@id\":\"https:\\\/\\\/capta.com.co\\\/agustinangarita\\\/producto\\\/calcio-magnesio-y-zinc-100-capsulas\\\/#primaryimage\"},\"thumbnailUrl\":\"https:\\\/\\\/capta.com.co\\\/agustinangarita\\\/wp-content\\\/uploads\\\/sites\\\/22\\\/2023\\\/08\\\/IMG-20230812-WA0073-removebg-preview.png\",\"datePublished\":\"2023-08-19T14:37:02+00:00\",\"dateModified\":\"2026-05-02T16:30:09+00:00\",\"breadcrumb\":{\"@id\":\"https:\\\/\\\/capta.com.co\\\/agustinangarita\\\/producto\\\/calcio-magnesio-y-zinc-100-capsulas\\\/#breadcrumb\"},\"inLanguage\":\"es\",\"potentialAction\":[{\"@type\":\"ReadAction\",\"target\":[\"https:\\\/\\\/capta.com.co\\\/agustinangarita\\\/producto\\\/calcio-magnesio-y-zinc-100-capsulas\\\/\"]}]},{\"@type\":\"ImageObject\",\"inLanguage\":\"es\",\"@id\":\"https:\\\/\\\/capta.com.co\\\/agustinangarita\\\/producto\\\/calcio-magnesio-y-zinc-100-capsulas\\\/#primaryimage\",\"url\":\"https:\\\/\\\/capta.com.co\\\/agustinangarita\\\/wp-content\\\/uploads\\\/sites\\\/22\\\/2023\\\/08\\\/IMG-20230812-WA0073-removebg-preview.png\",\"contentUrl\":\"https:\\\/\\\/capta.com.co\\\/agustinangarita\\\/wp-content\\\/uploads\\\/sites\\\/22\\\/2023\\\/08\\\/IMG-20230812-WA0073-removebg-preview.png\",\"width\":492,\"height\":507},{\"@type\":\"BreadcrumbList\",\"@id\":\"https:\\\/\\\/capta.com.co\\\/agustinangarita\\\/producto\\\/calcio-magnesio-y-zinc-100-capsulas\\\/#breadcrumb\",\"itemListElement\":[{\"@type\":\"ListItem\",\"position\":1,\"name\":\"Portada\",\"item\":\"https:\\\/\\\/capta.com.co\\\/agustinangarita\\\/\"},{\"@type\":\"ListItem\",\"position\":2,\"name\":\"Tienda\",\"item\":\"https:\\\/\\\/capta.com.co\\\/agustinangarita\\\/\"},{\"@type\":\"ListItem\",\"position\":3,\"name\":\"CALCIO MAGNESIO Y ZINC plus Vitamina D 100 capsulas\"}]},{\"@type\":\"WebSite\",\"@id\":\"https:\\\/\\\/capta.com.co\\\/agustinangarita\\\/#website\",\"url\":\"https:\\\/\\\/capta.com.co\\\/agustinangarita\\\/\",\"name\":\"Agust\u00edn Angarita\",\"description\":\"Capta - Compras que inspiran\",\"potentialAction\":[{\"@type\":\"SearchAction\",\"target\":{\"@type\":\"EntryPoint\",\"urlTemplate\":\"https:\\\/\\\/capta.com.co\\\/agustinangarita\\\/?s={search_term_string}\"},\"query-input\":{\"@type\":\"PropertyValueSpecification\",\"valueRequired\":true,\"valueName\":\"search_term_string\"}}],\"inLanguage\":\"es\"}]}<\/script>\n<!-- \/ Yoast SEO plugin. -->","yoast_head_json":{"title":"CALCIO MAGNESIO Y ZINC plus Vitamina D 100 capsulas - Agust\u00edn Angarita","robots":{"index":"index","follow":"follow","max-snippet":"max-snippet:-1","max-image-preview":"max-image-preview:large","max-video-preview":"max-video-preview:-1"},"canonical":"https:\/\/capta.com.co\/agustinangarita\/producto\/calcio-magnesio-y-zinc-100-capsulas\/","og_locale":"es_ES","og_type":"article","og_title":"CALCIO MAGNESIO Y ZINC plus Vitamina D 100 capsulas - Agust\u00edn Angarita","og_description":"Combinaci\u00f3n de 500mg de calcio, 250 mg de magnesio, zinc 25 mg, vitamina D 100UI y aceites de girasol y c\u00e1rtamo. Calcio: Componente de los huesos y dientes.\u00a0 Ayuda a regular las contracciones musculares, a transmitir impulsos nerviosos y a monitorear la permeabilidad celular. El calcio s\u00f3lo puede ser aprovechado en presencia de f\u00f3sforo y [&hellip;]","og_url":"https:\/\/capta.com.co\/agustinangarita\/producto\/calcio-magnesio-y-zinc-100-capsulas\/","og_site_name":"Agust\u00edn Angarita","article_modified_time":"2026-05-02T16:30:09+00:00","og_image":[{"width":492,"height":507,"url":"https:\/\/capta.com.co\/agustinangarita\/wp-content\/uploads\/sites\/22\/2023\/08\/IMG-20230812-WA0073-removebg-preview.png","type":"image\/png"}],"twitter_card":"summary_large_image","twitter_misc":{"Tiempo de lectura":"1 minuto"},"schema":{"@context":"https:\/\/schema.org","@graph":[{"@type":"WebPage","@id":"https:\/\/capta.com.co\/agustinangarita\/producto\/calcio-magnesio-y-zinc-100-capsulas\/","url":"https:\/\/capta.com.co\/agustinangarita\/producto\/calcio-magnesio-y-zinc-100-capsulas\/","name":"CALCIO MAGNESIO Y ZINC plus Vitamina D 100 capsulas - Agust\u00edn Angarita","isPartOf":{"@id":"https:\/\/capta.com.co\/agustinangarita\/#website"},"primaryImageOfPage":{"@id":"https:\/\/capta.com.co\/agustinangarita\/producto\/calcio-magnesio-y-zinc-100-capsulas\/#primaryimage"},"image":{"@id":"https:\/\/capta.com.co\/agustinangarita\/producto\/calcio-magnesio-y-zinc-100-capsulas\/#primaryimage"},"thumbnailUrl":"https:\/\/capta.com.co\/agustinangarita\/wp-content\/uploads\/sites\/22\/2023\/08\/IMG-20230812-WA0073-removebg-preview.png","datePublished":"2023-08-19T14:37:02+00:00","dateModified":"2026-05-02T16:30:09+00:00","breadcrumb":{"@id":"https:\/\/capta.com.co\/agustinangarita\/producto\/calcio-magnesio-y-zinc-100-capsulas\/#breadcrumb"},"inLanguage":"es","potentialAction":[{"@type":"ReadAction","target":["https:\/\/capta.com.co\/agustinangarita\/producto\/calcio-magnesio-y-zinc-100-capsulas\/"]}]},{"@type":"ImageObject","inLanguage":"es","@id":"https:\/\/capta.com.co\/agustinangarita\/producto\/calcio-magnesio-y-zinc-100-capsulas\/#primaryimage","url":"https:\/\/capta.com.co\/agustinangarita\/wp-content\/uploads\/sites\/22\/2023\/08\/IMG-20230812-WA0073-removebg-preview.png","contentUrl":"https:\/\/capta.com.co\/agustinangarita\/wp-content\/uploads\/sites\/22\/2023\/08\/IMG-20230812-WA0073-removebg-preview.png","width":492,"height":507},{"@type":"BreadcrumbList","@id":"https:\/\/capta.com.co\/agustinangarita\/producto\/calcio-magnesio-y-zinc-100-capsulas\/#breadcrumb","itemListElement":[{"@type":"ListItem","position":1,"name":"Portada","item":"https:\/\/capta.com.co\/agustinangarita\/"},{"@type":"ListItem","position":2,"name":"Tienda","item":"https:\/\/capta.com.co\/agustinangarita\/"},{"@type":"ListItem","position":3,"name":"CALCIO MAGNESIO Y ZINC plus Vitamina D 100 capsulas"}]},{"@type":"WebSite","@id":"https:\/\/capta.com.co\/agustinangarita\/#website","url":"https:\/\/capta.com.co\/agustinangarita\/","name":"Agust\u00edn Angarita","description":"Capta - Compras que inspiran","potentialAction":[{"@type":"SearchAction","target":{"@type":"EntryPoint","urlTemplate":"https:\/\/capta.com.co\/agustinangarita\/?s={search_term_string}"},"query-input":{"@type":"PropertyValueSpecification","valueRequired":true,"valueName":"search_term_string"}}],"inLanguage":"es"}]}},"_links":{"self":[{"href":"https:\/\/capta.com.co\/agustinangarita\/wp-json\/wp\/v2\/product\/222","targetHints":{"allow":["GET"]}}],"collection":[{"href":"https:\/\/capta.com.co\/agustinangarita\/wp-json\/wp\/v2\/product"}],"about":[{"href":"https:\/\/capta.com.co\/agustinangarita\/wp-json\/wp\/v2\/types\/product"}],"replies":[{"embeddable":true,"href":"https:\/\/capta.com.co\/agustinangarita\/wp-json\/wp\/v2\/comments?post=222"}],"wp:featuredmedia":[{"embeddable":true,"href":"https:\/\/capta.com.co\/agustinangarita\/wp-json\/wp\/v2\/media\/226"}],"wp:attachment":[{"href":"https:\/\/capta.com.co\/agustinangarita\/wp-json\/wp\/v2\/media?parent=222"}],"wp:term":[{"taxonomy":"product_brand","embeddable":true,"href":"https:\/\/capta.com.co\/agustinangarita\/wp-json\/wp\/v2\/product_brand?post=222"},{"taxonomy":"product_cat","embeddable":true,"href":"https:\/\/capta.com.co\/agustinangarita\/wp-json\/wp\/v2\/product_cat?post=222"},{"taxonomy":"product_tag","embeddable":true,"href":"https:\/\/capta.com.co\/agustinangarita\/wp-json\/wp\/v2\/product_tag?post=222"}],"curies":[{"name":"wp","href":"https:\/\/api.w.org\/{rel}","templated":true}]}}