{"id":202,"date":"2023-08-19T10:10:41","date_gmt":"2023-08-19T15:10:41","guid":{"rendered":"https:\/\/capta.com.co\/agustinangarita\/?post_type=product&#038;p=202"},"modified":"2024-11-09T14:22:33","modified_gmt":"2024-11-09T19:22:33","slug":"gastrinox-60-comprimidos-sublinguales","status":"publish","type":"product","link":"https:\/\/capta.com.co\/agustinangarita\/producto\/gastrinox-60-comprimidos-sublinguales\/","title":{"rendered":"GASTRINOX 60 comprimidos sublinguales"},"content":{"rendered":"<p><strong>GASTRINOX<\/strong> es un producto homeop\u00e1tico de <strong>Nux v\u00f3mica<\/strong>.<\/p>\n<p><strong>GASTRINOX <\/strong>Se utiliza para tratar diversos problemas de salud, como el dolor de cabeza, problemas digestivos como el<strong> estre\u00f1imiento<\/strong>, la <strong>acidez estomacal<\/strong> la <strong>gastritis<\/strong>, la <strong>ulcera<\/strong> <strong>digestiva<\/strong>, <strong>colitis<\/strong>, <strong>hemorroides<\/strong> o las n\u00e1useas.<\/p>\n<p><strong>GASTRINOX t<\/strong>ambi\u00e9n es utilizado en <strong>detoxificaci\u00f3n<\/strong>, drenaje de alteraciones funcionales del el aparato digestivo, como <strong>indigesti\u00f3n<\/strong>, <strong>meteorismo<\/strong> o estre\u00f1imiento\/diarrea \u00a0y las consecuencias del\u00a0 consumo excesivo de alcohol, caf\u00e9 o nicotina.<\/p>\n<p><strong>GASTRINOX e<\/strong>s un coadyuvante del tratamiento de los problemas relacionados con la<strong> disfunci\u00f3n hep\u00e1tica <\/strong>como el <strong>h\u00edgado<\/strong> <strong>graso<\/strong><\/p>\n","protected":false},"excerpt":{"rendered":"<p>GASTRINOX es un producto homeop\u00e1tico de Nux v\u00f3mica. GASTRINOX Se utiliza para tratar diversos problemas de salud, como el dolor de cabeza, problemas digestivos como el estre\u00f1imiento, la acidez estomacal la gastritis, la ulcera digestiva, colitis, hemorroides o las n\u00e1useas. GASTRINOX tambi\u00e9n es utilizado en detoxificaci\u00f3n, drenaje de alteraciones funcionales del el aparato digestivo, como [&hellip;]<\/p>\n","protected":false},"featured_media":203,"comment_status":"open","ping_status":"closed","template":"","meta":{"_acf_changed":false,"inline_featured_image":false},"product_brand":[],"product_cat":[128,17],"product_tag":[155,85,32,42,157,156,154],"class_list":{"0":"post-202","1":"product","2":"type-product","3":"status-publish","4":"has-post-thumbnail","6":"product_cat-inmunomodulador","7":"product_cat-medicamentos-naturales","8":"product_tag-acidez","9":"product_tag-estrenimiento","10":"product_tag-gases","11":"product_tag-gastritis","12":"product_tag-higado-graso","13":"product_tag-indigestion","14":"product_tag-nauseas","16":"first","17":"instock","18":"shipping-taxable","19":"purchasable","20":"product-type-simple"},"acf":[],"yoast_head":"<!-- This site is optimized with the Yoast SEO plugin v27.3 - https:\/\/yoast.com\/product\/yoast-seo-wordpress\/ -->\n<title>GASTRINOX 60 comprimidos sublinguales - Agust\u00edn Angarita<\/title>\n<meta name=\"robots\" content=\"index, follow, max-snippet:-1, max-image-preview:large, max-video-preview:-1\" \/>\n<link rel=\"canonical\" href=\"https:\/\/capta.com.co\/agustinangarita\/producto\/gastrinox-60-comprimidos-sublinguales\/\" \/>\n<meta property=\"og:locale\" content=\"es_ES\" \/>\n<meta property=\"og:type\" content=\"article\" \/>\n<meta property=\"og:title\" content=\"GASTRINOX 60 comprimidos sublinguales - Agust\u00edn Angarita\" \/>\n<meta property=\"og:description\" content=\"GASTRINOX es un producto homeop\u00e1tico de Nux v\u00f3mica. GASTRINOX Se utiliza para tratar diversos problemas de salud, como el dolor de cabeza, problemas digestivos como el estre\u00f1imiento, la acidez estomacal la gastritis, la ulcera digestiva, colitis, hemorroides o las n\u00e1useas. GASTRINOX tambi\u00e9n es utilizado en detoxificaci\u00f3n, drenaje de alteraciones funcionales del el aparato digestivo, como [&hellip;]\" \/>\n<meta property=\"og:url\" content=\"https:\/\/capta.com.co\/agustinangarita\/producto\/gastrinox-60-comprimidos-sublinguales\/\" \/>\n<meta property=\"og:site_name\" content=\"Agust\u00edn Angarita\" \/>\n<meta property=\"article:modified_time\" content=\"2024-11-09T19:22:33+00:00\" \/>\n<meta property=\"og:image\" content=\"https:\/\/capta.com.co\/agustinangarita\/wp-content\/uploads\/sites\/22\/2023\/08\/IMG_20230815_102358.jpg\" \/>\n\t<meta property=\"og:image:width\" content=\"1401\" \/>\n\t<meta property=\"og:image:height\" content=\"1600\" \/>\n\t<meta property=\"og:image:type\" content=\"image\/jpeg\" \/>\n<meta name=\"twitter:card\" content=\"summary_large_image\" \/>\n<meta name=\"twitter:label1\" content=\"Tiempo de lectura\" \/>\n\t<meta name=\"twitter:data1\" content=\"1 minuto\" \/>\n<script type=\"application\/ld+json\" class=\"yoast-schema-graph\">{\"@context\":\"https:\\\/\\\/schema.org\",\"@graph\":[{\"@type\":\"WebPage\",\"@id\":\"https:\\\/\\\/capta.com.co\\\/agustinangarita\\\/producto\\\/gastrinox-60-comprimidos-sublinguales\\\/\",\"url\":\"https:\\\/\\\/capta.com.co\\\/agustinangarita\\\/producto\\\/gastrinox-60-comprimidos-sublinguales\\\/\",\"name\":\"GASTRINOX 60 comprimidos sublinguales - Agust\u00edn Angarita\",\"isPartOf\":{\"@id\":\"https:\\\/\\\/capta.com.co\\\/agustinangarita\\\/#website\"},\"primaryImageOfPage\":{\"@id\":\"https:\\\/\\\/capta.com.co\\\/agustinangarita\\\/producto\\\/gastrinox-60-comprimidos-sublinguales\\\/#primaryimage\"},\"image\":{\"@id\":\"https:\\\/\\\/capta.com.co\\\/agustinangarita\\\/producto\\\/gastrinox-60-comprimidos-sublinguales\\\/#primaryimage\"},\"thumbnailUrl\":\"https:\\\/\\\/capta.com.co\\\/agustinangarita\\\/wp-content\\\/uploads\\\/sites\\\/22\\\/2023\\\/08\\\/IMG_20230815_102358.jpg\",\"datePublished\":\"2023-08-19T15:10:41+00:00\",\"dateModified\":\"2024-11-09T19:22:33+00:00\",\"breadcrumb\":{\"@id\":\"https:\\\/\\\/capta.com.co\\\/agustinangarita\\\/producto\\\/gastrinox-60-comprimidos-sublinguales\\\/#breadcrumb\"},\"inLanguage\":\"es\",\"potentialAction\":[{\"@type\":\"ReadAction\",\"target\":[\"https:\\\/\\\/capta.com.co\\\/agustinangarita\\\/producto\\\/gastrinox-60-comprimidos-sublinguales\\\/\"]}]},{\"@type\":\"ImageObject\",\"inLanguage\":\"es\",\"@id\":\"https:\\\/\\\/capta.com.co\\\/agustinangarita\\\/producto\\\/gastrinox-60-comprimidos-sublinguales\\\/#primaryimage\",\"url\":\"https:\\\/\\\/capta.com.co\\\/agustinangarita\\\/wp-content\\\/uploads\\\/sites\\\/22\\\/2023\\\/08\\\/IMG_20230815_102358.jpg\",\"contentUrl\":\"https:\\\/\\\/capta.com.co\\\/agustinangarita\\\/wp-content\\\/uploads\\\/sites\\\/22\\\/2023\\\/08\\\/IMG_20230815_102358.jpg\",\"width\":1401,\"height\":1600},{\"@type\":\"BreadcrumbList\",\"@id\":\"https:\\\/\\\/capta.com.co\\\/agustinangarita\\\/producto\\\/gastrinox-60-comprimidos-sublinguales\\\/#breadcrumb\",\"itemListElement\":[{\"@type\":\"ListItem\",\"position\":1,\"name\":\"Portada\",\"item\":\"https:\\\/\\\/capta.com.co\\\/agustinangarita\\\/\"},{\"@type\":\"ListItem\",\"position\":2,\"name\":\"Tienda\",\"item\":\"https:\\\/\\\/capta.com.co\\\/agustinangarita\\\/\"},{\"@type\":\"ListItem\",\"position\":3,\"name\":\"GASTRINOX 60 comprimidos sublinguales\"}]},{\"@type\":\"WebSite\",\"@id\":\"https:\\\/\\\/capta.com.co\\\/agustinangarita\\\/#website\",\"url\":\"https:\\\/\\\/capta.com.co\\\/agustinangarita\\\/\",\"name\":\"Agust\u00edn Angarita\",\"description\":\"Capta - Compras que inspiran\",\"potentialAction\":[{\"@type\":\"SearchAction\",\"target\":{\"@type\":\"EntryPoint\",\"urlTemplate\":\"https:\\\/\\\/capta.com.co\\\/agustinangarita\\\/?s={search_term_string}\"},\"query-input\":{\"@type\":\"PropertyValueSpecification\",\"valueRequired\":true,\"valueName\":\"search_term_string\"}}],\"inLanguage\":\"es\"}]}<\/script>\n<!-- \/ Yoast SEO plugin. -->","yoast_head_json":{"title":"GASTRINOX 60 comprimidos sublinguales - Agust\u00edn Angarita","robots":{"index":"index","follow":"follow","max-snippet":"max-snippet:-1","max-image-preview":"max-image-preview:large","max-video-preview":"max-video-preview:-1"},"canonical":"https:\/\/capta.com.co\/agustinangarita\/producto\/gastrinox-60-comprimidos-sublinguales\/","og_locale":"es_ES","og_type":"article","og_title":"GASTRINOX 60 comprimidos sublinguales - Agust\u00edn Angarita","og_description":"GASTRINOX es un producto homeop\u00e1tico de Nux v\u00f3mica. GASTRINOX Se utiliza para tratar diversos problemas de salud, como el dolor de cabeza, problemas digestivos como el estre\u00f1imiento, la acidez estomacal la gastritis, la ulcera digestiva, colitis, hemorroides o las n\u00e1useas. GASTRINOX tambi\u00e9n es utilizado en detoxificaci\u00f3n, drenaje de alteraciones funcionales del el aparato digestivo, como [&hellip;]","og_url":"https:\/\/capta.com.co\/agustinangarita\/producto\/gastrinox-60-comprimidos-sublinguales\/","og_site_name":"Agust\u00edn Angarita","article_modified_time":"2024-11-09T19:22:33+00:00","og_image":[{"width":1401,"height":1600,"url":"https:\/\/capta.com.co\/agustinangarita\/wp-content\/uploads\/sites\/22\/2023\/08\/IMG_20230815_102358.jpg","type":"image\/jpeg"}],"twitter_card":"summary_large_image","twitter_misc":{"Tiempo de lectura":"1 minuto"},"schema":{"@context":"https:\/\/schema.org","@graph":[{"@type":"WebPage","@id":"https:\/\/capta.com.co\/agustinangarita\/producto\/gastrinox-60-comprimidos-sublinguales\/","url":"https:\/\/capta.com.co\/agustinangarita\/producto\/gastrinox-60-comprimidos-sublinguales\/","name":"GASTRINOX 60 comprimidos sublinguales - Agust\u00edn Angarita","isPartOf":{"@id":"https:\/\/capta.com.co\/agustinangarita\/#website"},"primaryImageOfPage":{"@id":"https:\/\/capta.com.co\/agustinangarita\/producto\/gastrinox-60-comprimidos-sublinguales\/#primaryimage"},"image":{"@id":"https:\/\/capta.com.co\/agustinangarita\/producto\/gastrinox-60-comprimidos-sublinguales\/#primaryimage"},"thumbnailUrl":"https:\/\/capta.com.co\/agustinangarita\/wp-content\/uploads\/sites\/22\/2023\/08\/IMG_20230815_102358.jpg","datePublished":"2023-08-19T15:10:41+00:00","dateModified":"2024-11-09T19:22:33+00:00","breadcrumb":{"@id":"https:\/\/capta.com.co\/agustinangarita\/producto\/gastrinox-60-comprimidos-sublinguales\/#breadcrumb"},"inLanguage":"es","potentialAction":[{"@type":"ReadAction","target":["https:\/\/capta.com.co\/agustinangarita\/producto\/gastrinox-60-comprimidos-sublinguales\/"]}]},{"@type":"ImageObject","inLanguage":"es","@id":"https:\/\/capta.com.co\/agustinangarita\/producto\/gastrinox-60-comprimidos-sublinguales\/#primaryimage","url":"https:\/\/capta.com.co\/agustinangarita\/wp-content\/uploads\/sites\/22\/2023\/08\/IMG_20230815_102358.jpg","contentUrl":"https:\/\/capta.com.co\/agustinangarita\/wp-content\/uploads\/sites\/22\/2023\/08\/IMG_20230815_102358.jpg","width":1401,"height":1600},{"@type":"BreadcrumbList","@id":"https:\/\/capta.com.co\/agustinangarita\/producto\/gastrinox-60-comprimidos-sublinguales\/#breadcrumb","itemListElement":[{"@type":"ListItem","position":1,"name":"Portada","item":"https:\/\/capta.com.co\/agustinangarita\/"},{"@type":"ListItem","position":2,"name":"Tienda","item":"https:\/\/capta.com.co\/agustinangarita\/"},{"@type":"ListItem","position":3,"name":"GASTRINOX 60 comprimidos sublinguales"}]},{"@type":"WebSite","@id":"https:\/\/capta.com.co\/agustinangarita\/#website","url":"https:\/\/capta.com.co\/agustinangarita\/","name":"Agust\u00edn Angarita","description":"Capta - Compras que inspiran","potentialAction":[{"@type":"SearchAction","target":{"@type":"EntryPoint","urlTemplate":"https:\/\/capta.com.co\/agustinangarita\/?s={search_term_string}"},"query-input":{"@type":"PropertyValueSpecification","valueRequired":true,"valueName":"search_term_string"}}],"inLanguage":"es"}]}},"_links":{"self":[{"href":"https:\/\/capta.com.co\/agustinangarita\/wp-json\/wp\/v2\/product\/202","targetHints":{"allow":["GET"]}}],"collection":[{"href":"https:\/\/capta.com.co\/agustinangarita\/wp-json\/wp\/v2\/product"}],"about":[{"href":"https:\/\/capta.com.co\/agustinangarita\/wp-json\/wp\/v2\/types\/product"}],"replies":[{"embeddable":true,"href":"https:\/\/capta.com.co\/agustinangarita\/wp-json\/wp\/v2\/comments?post=202"}],"wp:featuredmedia":[{"embeddable":true,"href":"https:\/\/capta.com.co\/agustinangarita\/wp-json\/wp\/v2\/media\/203"}],"wp:attachment":[{"href":"https:\/\/capta.com.co\/agustinangarita\/wp-json\/wp\/v2\/media?parent=202"}],"wp:term":[{"taxonomy":"product_brand","embeddable":true,"href":"https:\/\/capta.com.co\/agustinangarita\/wp-json\/wp\/v2\/product_brand?post=202"},{"taxonomy":"product_cat","embeddable":true,"href":"https:\/\/capta.com.co\/agustinangarita\/wp-json\/wp\/v2\/product_cat?post=202"},{"taxonomy":"product_tag","embeddable":true,"href":"https:\/\/capta.com.co\/agustinangarita\/wp-json\/wp\/v2\/product_tag?post=202"}],"curies":[{"name":"wp","href":"https:\/\/api.w.org\/{rel}","templated":true}]}}