{"id":199,"date":"2023-08-22T16:51:53","date_gmt":"2023-08-22T21:51:53","guid":{"rendered":"https:\/\/capta.com.co\/agustinangarita\/?post_type=product&#038;p=199"},"modified":"2025-12-06T09:44:18","modified_gmt":"2025-12-06T14:44:18","slug":"arthrexan-60-capsulas-gel-90-gr","status":"publish","type":"product","link":"https:\/\/capta.com.co\/agustinangarita\/producto\/arthrexan-60-capsulas-gel-90-gr\/","title":{"rendered":"ART3XAN (antes ARTHREXAN) 60 Capsulas + Gel Cannabis 90g"},"content":{"rendered":"<p>Producto de origen natural indicado para, mediante una poderosa mezcla, combatir el dolor de la <strong>artritis<\/strong>, <strong>artrosis<\/strong>, <strong>osteoartritis o fibromialgia<\/strong>. Tambi\u00e9n tendinitis, bursitis, esguinces, golpes y fracturas. \u00datil en <strong>flebitis<\/strong>,<strong> hemorroides<\/strong> y lumbalgia.<\/p>\n<p>Su principal ingrediente activo es la <strong>C\u00farcuma<\/strong>, a la que se le atribuyen propiedades antinflamatorias y antiartr\u00edticas. Adem\u00e1s, \u00a0el extracto de <strong>Canela<\/strong> por su gran contenido de flavonoides le da caracter\u00edsticas antioxidantes y antinflamatorias para el buen estado del organismo. Contiene tambi\u00e9n Magnesio, Calcio y Vitamina D, que previenen la perdida \u00f3sea significativa en personas con osteoporosis, osteoartritis, artritis reumatoide y pacientes en tratamiento de c\u00e1ncer o postquir\u00fargicos. El <strong>gel<\/strong> de <strong>cannabis sativa y hamamellis<\/strong> refresca las zonas inflamadas, alivia, desinflama y calma el dolor. No es un gel caliente.<\/p>\n<p>. Mejora el dolor y la flexibilidad articular<br \/>\n. Propiedades analg\u00e9sicas<br \/>\n. Propiedades antinflamatorias.<\/p>\n","protected":false},"excerpt":{"rendered":"<p>Producto de origen natural indicado para, mediante una poderosa mezcla, combatir el dolor de la artritis, artrosis, osteoartritis o fibromialgia. Tambi\u00e9n tendinitis, bursitis, esguinces, golpes y fracturas. \u00datil en flebitis, hemorroides y lumbalgia. Su principal ingrediente activo es la C\u00farcuma, a la que se le atribuyen propiedades antinflamatorias y antiartr\u00edticas. Adem\u00e1s, \u00a0el extracto de Canela [&hellip;]<\/p>\n","protected":false},"featured_media":248,"comment_status":"open","ping_status":"closed","template":"","meta":{"_acf_changed":false,"inline_featured_image":false},"product_brand":[],"product_cat":[17],"product_tag":[46,40,54,55,118,36,38,167,183],"class_list":{"0":"post-199","1":"product","2":"type-product","3":"status-publish","4":"has-post-thumbnail","6":"product_cat-medicamentos-naturales","7":"product_tag-analgesico","8":"product_tag-antiinflamatorio","9":"product_tag-artritis","10":"product_tag-artrosis","11":"product_tag-esguinces","12":"product_tag-flebitis","13":"product_tag-hemorroides","14":"product_tag-lumbalgia","15":"product_tag-mejora-el-dolor-y-la-flexibilidad-articular","17":"first","18":"instock","19":"shipping-taxable","20":"purchasable","21":"product-type-simple"},"acf":[],"yoast_head":"<!-- This site is optimized with the Yoast SEO plugin v27.3 - https:\/\/yoast.com\/product\/yoast-seo-wordpress\/ -->\n<title>ART3XAN (antes ARTHREXAN) 60 Capsulas + Gel Cannabis 90g - Agust\u00edn Angarita<\/title>\n<meta name=\"robots\" content=\"index, follow, max-snippet:-1, max-image-preview:large, max-video-preview:-1\" \/>\n<link rel=\"canonical\" href=\"https:\/\/capta.com.co\/agustinangarita\/producto\/arthrexan-60-capsulas-gel-90-gr\/\" \/>\n<meta property=\"og:locale\" content=\"es_ES\" \/>\n<meta property=\"og:type\" content=\"article\" \/>\n<meta property=\"og:title\" content=\"ART3XAN (antes ARTHREXAN) 60 Capsulas + Gel Cannabis 90g - Agust\u00edn Angarita\" \/>\n<meta property=\"og:description\" content=\"Producto de origen natural indicado para, mediante una poderosa mezcla, combatir el dolor de la artritis, artrosis, osteoartritis o fibromialgia. Tambi\u00e9n tendinitis, bursitis, esguinces, golpes y fracturas. \u00datil en flebitis, hemorroides y lumbalgia. Su principal ingrediente activo es la C\u00farcuma, a la que se le atribuyen propiedades antinflamatorias y antiartr\u00edticas. Adem\u00e1s, \u00a0el extracto de Canela [&hellip;]\" \/>\n<meta property=\"og:url\" content=\"https:\/\/capta.com.co\/agustinangarita\/producto\/arthrexan-60-capsulas-gel-90-gr\/\" \/>\n<meta property=\"og:site_name\" content=\"Agust\u00edn Angarita\" \/>\n<meta property=\"article:modified_time\" content=\"2025-12-06T14:44:18+00:00\" \/>\n<meta property=\"og:image\" content=\"https:\/\/capta.com.co\/agustinangarita\/wp-content\/uploads\/sites\/22\/2023\/08\/IMG_20230815_102730-1.jpg\" \/>\n\t<meta property=\"og:image:width\" content=\"1068\" \/>\n\t<meta property=\"og:image:height\" content=\"1216\" \/>\n\t<meta property=\"og:image:type\" content=\"image\/jpeg\" \/>\n<meta name=\"twitter:card\" content=\"summary_large_image\" \/>\n<meta name=\"twitter:label1\" content=\"Tiempo de lectura\" \/>\n\t<meta name=\"twitter:data1\" content=\"1 minuto\" \/>\n<script type=\"application\/ld+json\" class=\"yoast-schema-graph\">{\"@context\":\"https:\\\/\\\/schema.org\",\"@graph\":[{\"@type\":\"WebPage\",\"@id\":\"https:\\\/\\\/capta.com.co\\\/agustinangarita\\\/producto\\\/arthrexan-60-capsulas-gel-90-gr\\\/\",\"url\":\"https:\\\/\\\/capta.com.co\\\/agustinangarita\\\/producto\\\/arthrexan-60-capsulas-gel-90-gr\\\/\",\"name\":\"ART3XAN (antes ARTHREXAN) 60 Capsulas + Gel Cannabis 90g - Agust\u00edn Angarita\",\"isPartOf\":{\"@id\":\"https:\\\/\\\/capta.com.co\\\/agustinangarita\\\/#website\"},\"primaryImageOfPage\":{\"@id\":\"https:\\\/\\\/capta.com.co\\\/agustinangarita\\\/producto\\\/arthrexan-60-capsulas-gel-90-gr\\\/#primaryimage\"},\"image\":{\"@id\":\"https:\\\/\\\/capta.com.co\\\/agustinangarita\\\/producto\\\/arthrexan-60-capsulas-gel-90-gr\\\/#primaryimage\"},\"thumbnailUrl\":\"https:\\\/\\\/capta.com.co\\\/agustinangarita\\\/wp-content\\\/uploads\\\/sites\\\/22\\\/2023\\\/08\\\/IMG_20230815_102730-1.jpg\",\"datePublished\":\"2023-08-22T21:51:53+00:00\",\"dateModified\":\"2025-12-06T14:44:18+00:00\",\"breadcrumb\":{\"@id\":\"https:\\\/\\\/capta.com.co\\\/agustinangarita\\\/producto\\\/arthrexan-60-capsulas-gel-90-gr\\\/#breadcrumb\"},\"inLanguage\":\"es\",\"potentialAction\":[{\"@type\":\"ReadAction\",\"target\":[\"https:\\\/\\\/capta.com.co\\\/agustinangarita\\\/producto\\\/arthrexan-60-capsulas-gel-90-gr\\\/\"]}]},{\"@type\":\"ImageObject\",\"inLanguage\":\"es\",\"@id\":\"https:\\\/\\\/capta.com.co\\\/agustinangarita\\\/producto\\\/arthrexan-60-capsulas-gel-90-gr\\\/#primaryimage\",\"url\":\"https:\\\/\\\/capta.com.co\\\/agustinangarita\\\/wp-content\\\/uploads\\\/sites\\\/22\\\/2023\\\/08\\\/IMG_20230815_102730-1.jpg\",\"contentUrl\":\"https:\\\/\\\/capta.com.co\\\/agustinangarita\\\/wp-content\\\/uploads\\\/sites\\\/22\\\/2023\\\/08\\\/IMG_20230815_102730-1.jpg\",\"width\":1068,\"height\":1216},{\"@type\":\"BreadcrumbList\",\"@id\":\"https:\\\/\\\/capta.com.co\\\/agustinangarita\\\/producto\\\/arthrexan-60-capsulas-gel-90-gr\\\/#breadcrumb\",\"itemListElement\":[{\"@type\":\"ListItem\",\"position\":1,\"name\":\"Portada\",\"item\":\"https:\\\/\\\/capta.com.co\\\/agustinangarita\\\/\"},{\"@type\":\"ListItem\",\"position\":2,\"name\":\"Tienda\",\"item\":\"https:\\\/\\\/capta.com.co\\\/agustinangarita\\\/\"},{\"@type\":\"ListItem\",\"position\":3,\"name\":\"ART3XAN (antes ARTHREXAN) 60 Capsulas + Gel Cannabis 90g\"}]},{\"@type\":\"WebSite\",\"@id\":\"https:\\\/\\\/capta.com.co\\\/agustinangarita\\\/#website\",\"url\":\"https:\\\/\\\/capta.com.co\\\/agustinangarita\\\/\",\"name\":\"Agust\u00edn Angarita\",\"description\":\"Capta - Compras que inspiran\",\"potentialAction\":[{\"@type\":\"SearchAction\",\"target\":{\"@type\":\"EntryPoint\",\"urlTemplate\":\"https:\\\/\\\/capta.com.co\\\/agustinangarita\\\/?s={search_term_string}\"},\"query-input\":{\"@type\":\"PropertyValueSpecification\",\"valueRequired\":true,\"valueName\":\"search_term_string\"}}],\"inLanguage\":\"es\"}]}<\/script>\n<!-- \/ Yoast SEO plugin. -->","yoast_head_json":{"title":"ART3XAN (antes ARTHREXAN) 60 Capsulas + Gel Cannabis 90g - Agust\u00edn Angarita","robots":{"index":"index","follow":"follow","max-snippet":"max-snippet:-1","max-image-preview":"max-image-preview:large","max-video-preview":"max-video-preview:-1"},"canonical":"https:\/\/capta.com.co\/agustinangarita\/producto\/arthrexan-60-capsulas-gel-90-gr\/","og_locale":"es_ES","og_type":"article","og_title":"ART3XAN (antes ARTHREXAN) 60 Capsulas + Gel Cannabis 90g - Agust\u00edn Angarita","og_description":"Producto de origen natural indicado para, mediante una poderosa mezcla, combatir el dolor de la artritis, artrosis, osteoartritis o fibromialgia. Tambi\u00e9n tendinitis, bursitis, esguinces, golpes y fracturas. \u00datil en flebitis, hemorroides y lumbalgia. Su principal ingrediente activo es la C\u00farcuma, a la que se le atribuyen propiedades antinflamatorias y antiartr\u00edticas. Adem\u00e1s, \u00a0el extracto de Canela [&hellip;]","og_url":"https:\/\/capta.com.co\/agustinangarita\/producto\/arthrexan-60-capsulas-gel-90-gr\/","og_site_name":"Agust\u00edn Angarita","article_modified_time":"2025-12-06T14:44:18+00:00","og_image":[{"width":1068,"height":1216,"url":"https:\/\/capta.com.co\/agustinangarita\/wp-content\/uploads\/sites\/22\/2023\/08\/IMG_20230815_102730-1.jpg","type":"image\/jpeg"}],"twitter_card":"summary_large_image","twitter_misc":{"Tiempo de lectura":"1 minuto"},"schema":{"@context":"https:\/\/schema.org","@graph":[{"@type":"WebPage","@id":"https:\/\/capta.com.co\/agustinangarita\/producto\/arthrexan-60-capsulas-gel-90-gr\/","url":"https:\/\/capta.com.co\/agustinangarita\/producto\/arthrexan-60-capsulas-gel-90-gr\/","name":"ART3XAN (antes ARTHREXAN) 60 Capsulas + Gel Cannabis 90g - Agust\u00edn Angarita","isPartOf":{"@id":"https:\/\/capta.com.co\/agustinangarita\/#website"},"primaryImageOfPage":{"@id":"https:\/\/capta.com.co\/agustinangarita\/producto\/arthrexan-60-capsulas-gel-90-gr\/#primaryimage"},"image":{"@id":"https:\/\/capta.com.co\/agustinangarita\/producto\/arthrexan-60-capsulas-gel-90-gr\/#primaryimage"},"thumbnailUrl":"https:\/\/capta.com.co\/agustinangarita\/wp-content\/uploads\/sites\/22\/2023\/08\/IMG_20230815_102730-1.jpg","datePublished":"2023-08-22T21:51:53+00:00","dateModified":"2025-12-06T14:44:18+00:00","breadcrumb":{"@id":"https:\/\/capta.com.co\/agustinangarita\/producto\/arthrexan-60-capsulas-gel-90-gr\/#breadcrumb"},"inLanguage":"es","potentialAction":[{"@type":"ReadAction","target":["https:\/\/capta.com.co\/agustinangarita\/producto\/arthrexan-60-capsulas-gel-90-gr\/"]}]},{"@type":"ImageObject","inLanguage":"es","@id":"https:\/\/capta.com.co\/agustinangarita\/producto\/arthrexan-60-capsulas-gel-90-gr\/#primaryimage","url":"https:\/\/capta.com.co\/agustinangarita\/wp-content\/uploads\/sites\/22\/2023\/08\/IMG_20230815_102730-1.jpg","contentUrl":"https:\/\/capta.com.co\/agustinangarita\/wp-content\/uploads\/sites\/22\/2023\/08\/IMG_20230815_102730-1.jpg","width":1068,"height":1216},{"@type":"BreadcrumbList","@id":"https:\/\/capta.com.co\/agustinangarita\/producto\/arthrexan-60-capsulas-gel-90-gr\/#breadcrumb","itemListElement":[{"@type":"ListItem","position":1,"name":"Portada","item":"https:\/\/capta.com.co\/agustinangarita\/"},{"@type":"ListItem","position":2,"name":"Tienda","item":"https:\/\/capta.com.co\/agustinangarita\/"},{"@type":"ListItem","position":3,"name":"ART3XAN (antes ARTHREXAN) 60 Capsulas + Gel Cannabis 90g"}]},{"@type":"WebSite","@id":"https:\/\/capta.com.co\/agustinangarita\/#website","url":"https:\/\/capta.com.co\/agustinangarita\/","name":"Agust\u00edn Angarita","description":"Capta - Compras que inspiran","potentialAction":[{"@type":"SearchAction","target":{"@type":"EntryPoint","urlTemplate":"https:\/\/capta.com.co\/agustinangarita\/?s={search_term_string}"},"query-input":{"@type":"PropertyValueSpecification","valueRequired":true,"valueName":"search_term_string"}}],"inLanguage":"es"}]}},"_links":{"self":[{"href":"https:\/\/capta.com.co\/agustinangarita\/wp-json\/wp\/v2\/product\/199","targetHints":{"allow":["GET"]}}],"collection":[{"href":"https:\/\/capta.com.co\/agustinangarita\/wp-json\/wp\/v2\/product"}],"about":[{"href":"https:\/\/capta.com.co\/agustinangarita\/wp-json\/wp\/v2\/types\/product"}],"replies":[{"embeddable":true,"href":"https:\/\/capta.com.co\/agustinangarita\/wp-json\/wp\/v2\/comments?post=199"}],"wp:featuredmedia":[{"embeddable":true,"href":"https:\/\/capta.com.co\/agustinangarita\/wp-json\/wp\/v2\/media\/248"}],"wp:attachment":[{"href":"https:\/\/capta.com.co\/agustinangarita\/wp-json\/wp\/v2\/media?parent=199"}],"wp:term":[{"taxonomy":"product_brand","embeddable":true,"href":"https:\/\/capta.com.co\/agustinangarita\/wp-json\/wp\/v2\/product_brand?post=199"},{"taxonomy":"product_cat","embeddable":true,"href":"https:\/\/capta.com.co\/agustinangarita\/wp-json\/wp\/v2\/product_cat?post=199"},{"taxonomy":"product_tag","embeddable":true,"href":"https:\/\/capta.com.co\/agustinangarita\/wp-json\/wp\/v2\/product_tag?post=199"}],"curies":[{"name":"wp","href":"https:\/\/api.w.org\/{rel}","templated":true}]}}